**2. Is v(-10) composite?
True
Suppose -3*x - 10 - 35 = 0. Let k be (-3 - (0 + -1)) + 36. Let t = k + x. Is t composite?
False
Suppose 0 = -k + 916 + 185. Is k prime?
False
Let t = 7 + -5. Suppose -2 = -t*g + 6. Suppose g*u - 69 - 79 = 0. Is u a composite number?
False
Suppose 5*v = 1 + 9. Let g(q) = -92*q - 1. Let b be g(-1). Is b - (2/1 - v) composite?
True
Let n(b) = 2*b + 6. Let l(v) = -1. Let w(g) = -3*l(g) + n(g). Is w(7) composite?
False
Let i(b) = 42*b + 1. Suppose 1 = y + 5. Let z(d) = -d**3 - 3*d**2 + 3*d + 1. Let u be z(y). Is i(u) a prime number?
True
Is 15086/6 + (-18)/(-27) a composite number?
True
Let i = 2893 + -1526. Is i a prime number?
True
Suppose 124 = 10*x - 6*x. Is x a prime number?
True
Let u be (0 - 1) + -4 + 1030. Suppose -u = q - 6*q. Is q prime?
False
Let s be (-24)/(-36)*66/4. Suppose 0 = 3*z - 74 + s. Is z composite?
True
Let x be (-1 + -4)*(-3)/5. Suppose 0 = x*r + 2*p - 120 + 14, -2*r + 76 = 4*p. Is r a prime number?
False
Suppose -4*g + 2*b = -346, 0 = 5*b + 2 + 3. Let j = -188 + 133. Let l = j + g. Is l a prime number?
True
Let d(f) = -f**2 + 12*f - 1. Suppose 2*o + 35 = 3*u, 2*o - 9 - 33 = -4*u. Is d(u) prime?
False
Let c be 231/(-5) - (-16)/(-20). Let a = c - -268. Is a composite?
True
Let z = -667 + 1208. Is z composite?
False
Let f = -7 - -9. Suppose -f*d - 318 = -3*h + d, 4*d = 20. Is h a composite number?
True
Let i = -12 - -18. Let x = -12 + 55. Let q = x - i. Is q a prime number?
True
Suppose 116 = -3*j - 73. Let m = j + 394. Is m a composite number?
False
Suppose -5*q = -14 - 1. Suppose -283 = -4*r + q*j + 172, -2*r - 5*j + 221 = 0. Is r a prime number?
True
Let j = -1143 + 2020. Is j a prime number?
True
Let p(z) be the third derivative of z**5/60 + 5*z**4/12 - 2*z**3/3 + 2*z**2. Let u be p(-9). Let o = 72 - u. Is o a composite number?
True
Let j(p) = -p**2 - 6*p + 4. Let x be j(-7). Let i = x - -47. Suppose 4*u - 40 = i. Is u prime?
False
Suppose 8*u = 6*u + 1174. Is u prime?
True
Let n = -82 + 170. Let y = n + -39. Is y composite?
True
Is ((-3)/2)/(54/(-58932)) a composite number?
False
Let z(b) = 2*b**2 + 3*b + 11. Let o = 8 + -16. Is z(o) a prime number?
False
Suppose o + u - 84 = 133, -5*o + 1087 = 3*u. Suppose -o = -5*l - 33. Is l prime?
True
Let g be (67*1)/(5/10). Suppose -4*p - 2 = -g. Is p prime?
False
Let u be -2 + 1 + -4 + 1. Let p = 9 + u. Suppose 0 = p*m + 3*w - 109, 3*m - 48 - 13 = -4*w. Is m composite?
False
Let a be ((-12)/(-10))/(6/460). Let q(g) = -g**2 - 7*g - 2. Let t be q(-6). Suppose t*p = 240 + a. Is p composite?
False
Let b = -28 - -20. Let n = b + 11. Let a = n + 20. Is a composite?
False
Suppose -4*g - y - 11 = 0, 0 = -y - 2*y + 3. Let q be (1 - g)*(-20)/(-16). Suppose 13 = q*v - 112. Is v prime?
False
Is 58416/(-32)*(2 + (-8)/3) a prime number?
True
Let u(h) = -h**3 - 4*h**2 - 2*h + 4. Let w be u(-3). Is 306*w + -2 + 1 composite?
True
Let k(u) = u**3 + 6*u**2 + 6*u + 7. Let j be k(-5). Suppose 0 = j*d - 5*d - 12, d = -3*v + 5. Let m = 34 + v. Is m prime?
True
Suppose 0 = 3*t - 7*t + 16. Suppose -t*r + 285 = -9*r. Let z = r + 104. Is z composite?
False
Let t(k) = k**2 - 4*k + 7. Is t(6) composite?
False
Let n(g) = 9*g**2 + 13*g - 5. Let f(p) = -2*p**2 + 0 - 2 + 6*p**2 + 6*p. Let a(j) = 7*f(j) - 3*n(j). Is a(-6) a prime number?
True
Let l = 445 + -118. Is l prime?
False
Suppose -13 + 0 = -o. Is o a composite number?
False
Suppose -7*f + 1193 = -3*f - 3*p, 894 = 3*f - 3*p. Is f a prime number?
False
Suppose -14*u = -19*u + 815. Is u composite?
False
Let p be 9/(-3) + (1 - 12641). Let d = p + 8311. Is (-2)/(-7) - d/28 composite?
True
Let n be (-2 - (-6)/3) + 142. Is (-1 + -4)*n/(-2) prime?
False
Let h(q) = -q**2 + 11*q + 11. Let c be h(10). Suppose -5*g + 126 = f - 2*f, g = -4*f + c. Is g a prime number?
False
Suppose 4*t - 315 = m, t - 6*t + 420 = 4*m. Let z = t - -65. Is z a composite number?
True
Let k be (-2 - -3 - 1)/1. Is -489*(k + (-2)/6) prime?
True
Let w(l) = l**3 + 3*l**2 - 1. Let y be w(3). Let d(v) = -v**3 + 8*v**2 + 10*v - 4. Let f be d(9). Suppose -f*j - 8 = -y. Is j composite?
True
Suppose 0 = -2*l + 6, -9*y = -10*y + l + 1046. Is y a composite number?
False
Suppose k - 2*z + 437 = 6*k, 158 = 2*k + 5*z. Let v = k + 44. Is v prime?
False
Let s = 4380 + -619. Is s composite?
False
Let n be 1/((-45)/24 + 2). Suppose -n*m + 536 = -4*m. Is m prime?
False
Let o = 27 - -17. Suppose 14 = -5*k + i + o, -4*k - 4*i = 0. Suppose k*b - 2*n = -n + 170, 25 = -5*n. Is b composite?
True
Is 2*(2/8 + (-7386)/(-8)) a composite number?
False
Let r be -41*-3*(-6)/9. Let d = -23 - r. Is d composite?
False
Suppose 4*f - 1006 = 8538. Is f prime?
False
Suppose 3*s - 30 = -3*l, 2*l - 50 = -3*s + 4*l. Suppose -2*w + 84 = s. Is w a prime number?
False
Let n = 199 - 8. Is n prime?
True
Let z(y) = -6*y**3 + 7*y**2 + 4*y - 6. Is z(-5) a prime number?
False
Let f(h) = 6*h - 8. Suppose -5*c + c + 28 = 0. Is f(c) a composite number?
True
Is ((-212)/6*-3)/2 prime?
True
Let s(k) = 5*k**3 - 2*k**2 + k. Let u be s(1). Let p(n) = -4*n + 4*n + 6*n + 2. Is p(u) composite?
True
Let b = 10 + 361. Is b a composite number?
True
Let z = -10 - -15. Suppose -59 = -3*y + y - z*n, -179 = -5*y - 2*n. Is y prime?
True
Let x = -94 - -413. Is x composite?
True
Let l(h) = -36*h + 1. Is l(-7) a composite number?
True
Suppose -c + 18 = -0*c. Suppose -6*y = -3*y + 2*h - 31, -2*h - c = -4*y. Is y prime?
True
Let k(i) = 3*i**3 + i**2 + 2*i + 1. Let m be k(-1). Let d(z) be the second derivative of z**4/4 - z**3/2 + z**2/2 + 4*z. Is d(m) composite?
False
Suppose -s + a + 0 = 11, s + 16 = 2*a. Let u(d) = d**3 + 11*d**2 - 5*d + 1. Is u(s) prime?
True
Suppose 3*f - f = 2818. Is f composite?
False
Let f be ((-2)/(-3) - 2)*-48. Suppose -2*j + f - 20 = -2*y, -2*j = -3*y - 47. Is j composite?
False
Let m(l) = l**3 + 20*l**2 - 15*l - 25. Is m(-18) composite?
True
Suppose -5*o + 25 = -3*d, 3*d - 20 = 2*o - 6*o. Suppose d*i - 822 = -2*u - 4*i, -4 = 4*i. Is u prime?
False
Suppose -12*d = -11*d - 43. Is d a composite number?
False
Let r(b) = -b**3 + 5*b**2 + 2*b - 2. Let m be r(3). Suppose m = 2*f - 0*f. Is f a prime number?
True
Let x be 0 - -119 - (-5 + 7). Let y(v) = 3*v. Let r be y(1). Suppose r*q = -3*d + x, 4*q - 150 = -3*d + 2*d. Is q prime?
True
Suppose -2*s = -44 - 18. Suppose 2*l = 11 + s. Suppose -5*t + 2*t = -l. Is t a prime number?
True
Suppose 1523 = 3*b - 1708. Is b a prime number?
False
Let s(j) = 7*j**2 + 3*j - 3. Suppose 0*p = 2*p - 8. Suppose -l - p + 1 = 0. Is s(l) composite?
True
Let s = -2 - -8. Let g = 6 - s. Suppose o + 2*o - 657 = g. Is o prime?
False
Suppose -13*y + 18702 = -4*y. Is y prime?
False
Let l = 12 - 8. Is l/(-14) + (-681)/(-7) composite?
False
Let m(t) = -t. Let j(x) = -x**3 + 10*x**2 + 2*x + 7. Let k(q) = j(q) + 5*m(q). Is k(8) composite?
True
Suppose 0 = -0*a + a + 5. Let m be ((-6)/(-3) + 6)/(-1). Let t = a - m. Is t a composite number?
False
Let d(h) = -14*h**3 + 1. Suppose 3*c - 1 + 4 = 0. Is d(c) a prime number?
False
Suppose 0*p - 78 = -2*x - 4*p, 5*x = 3*p + 221. Is x a composite number?
False
Let p = -357 - -506. Is p a prime number?
True
Suppose -q - 9 = -3*k, -k - k = 2*q + 2. Let a(g) = 2*g**3 + 9*g**2 + 2*g - 11. Let t be a(-7). Is q/(-3 - t/93) composite?
False
Suppose 2*d - 4*t - 198 = 0, d + 5*t = 141 - 28. Let s = d + 148. Is s prime?
True
Let s(q) be the third derivative of 9*q**5/10 - q**4/12 - q**3/6 - 4*q**2. Is s(2) a composite number?
False
Suppose -3*w = -6 - 3. Suppose -470 = -8*z + w*z. Let d = z - 9. Is d prime?
False
Let t = -929 + 1990. Is t prime?
True
Let q(i) be the second derivative of -11*i**3/3 + i**2/2 + 3*i. Is q(-4) a composite number?
False
Suppose -k - 4*c = -5*k + 100, -4*k = -c - 103. Is k a composite number?
True
Let p be (-346)/(-14) - (-14)/49. Let s be 85/p - 4/10. Suppose s*y - 283 = 4*n, -316 = -3*y - 2*n - 39. Is y prime?
False
Let y be 1*6*(-8 + 9). Let z be 1*(-2)/y*-1383. Suppose 2*h = z - 87. Is h prime?
False
Is (-705)/(-1) + -1 + -3 composite?
False
Let p(f) = -f**3 + 14*f**2 - 10*f + 7. Let d be ((-7)/4 + 1)*-8. Let a be p(d). Suppose z - 3*z - 3*n = -166, 3*z + n = a. Is z prime?
False
Let g be 3/(-1) - (-1 - 1). Let c be (-11)/(-2) - g/(-2). Is (c*1)/((-4)/(-20)) a composite number?
True
Let c be ((-1)/3)/((-3)/(-9)). Is 1 - 2 - 222/c pr